4/12 + 3*f**2 - 41*f. Suppose -5*i - 3*k = 165, 2*i + 100 = -i - 2*k. Let t = i + 35. Give h(t).
6
Let t be 48/(-18) - (-12)/(216/63). Let r(w) be the second derivative of 0 + t*w**3 - 2*w**2 + 7*w + 1/12*w**4. Give r(-5).
-4
Let w(n) be the first derivative of n**4 + 14*n**3/3 - 4*n**2 - 10*n - 933. Give w(-4).
-10
Let r(h) = -3*h - 2*h**2 - 2*h**2 + h**3 + 6*h. Suppose 2658 = -5*t + 2*i, -548 = t - 3*i - 6. Let o = -527 - t. Calculate r(o).
0
Let r(l) = l**3 + 2*l**2 - 2*l - 2. Let f = 31 - 27. Suppose -f*u + 11 = -j + 39, 0 = 4*j + 2*u - 184. Let q be (46 - j)*2/(-1 + -1). What is r(q)?
2
Let f(r) = 4*r - 42. Suppose 4*i - 42 = 42*d - 44*d, -5*d = i - 6. What is f(i)?
2
Let q be 0*((-2)/(-4))/(-1). Let d = 4 - 2. Let w(c) = 4*c**2 - 5*c + 32. Let b(v) = -v**2 + v - 8. Let r(k) = d*w(k) + 9*b(k). What is r(q)?
-8
Let r(m) = m**2 + 4*m + 6. Suppose 0 = -2*t + 23 + 17. Suppose -t*j - 56 = -12*j. Give r(j).
27
Suppose 122 - 112 = -5*r. Let j be (1550/(-125))/(r/10*1). Let t = j - 62. Let m(q) = q**3 - q**2 + q + 11. Determine m(t).
11
Let n = -87 + 95. Suppose n*c - 90 = -c. Let f(m) = -4*m**2 + 5*m**2 - 5 + 1 + c*m. Determine f(-11).
7
Let t(n) = -24*n - 19. Let h(d) = -65*d - 56. Let c(m) = -4*h(m) + 11*t(m). Calculate c(12).
-33
Suppose 0 = -2*s + z + 2, -6 = 6*s - 5*s - 4*z. Let b(y) = 461 - 223 - 232 - 3*y**2 + 2*y**s + 6*y. Give b(7).
-1
Let x(t) be the second derivative of t**4/12 + t**3/6 - 3*t. Let u = -110 + 117. Let g(f) = f**2 - 9*f + 15. Let w be g(u). Determine x(w).
2
Let m(d) = -2*d + 17. Suppose 34 - 28 = -2*g - 2*q, 5*q - 15 = 5*g. Let r(j) = -5*j + 49. Let a(o) = g*r(o) + 8*m(o). What is a(-13)?
2
Let l = 256 + -256. Let q(d) = l*d**2 - d**2 + 7*d - 7 + d + d. Give q(8).
1
Let m be (-551)/(-203) + 6/21. Let o(u) be the third derivative of 3*u**2 + 0*u**4 - 1/60*u**5 + 0*u**m + 0*u + 0. Determine o(-1).
-1
Let b(x) = x**3 - 17*x**2 - 38*x + 2. Let a be b(19). Suppose -5*k - a = -22. Let n(h) = -4*h + 5. Give n(k).
-11
Suppose 7*x = -0*x + 7. Suppose -3*o + 2*z = 3*z - 2, z - 1 = -2*o. Let d(r) = -o + 20*r**2 - 11*r**2 + r - 10*r**2. Calculate d(x).
-1
Let a(y) = y**2 + 7*y - 16. Suppose -2*j = 3*f + 31, 4*f = 18*j - 20*j - 42. Determine a(f).
28
Let a(z) be the first derivative of 10*z**3/3 - 2*z**2 + 2*z + 1. Let o = -1526 - -1528. Calculate a(o).
34
Let p be 396/(-33) - -20 - 17. Let r(v) be the first derivative of v**4/4 + 3*v**3 + 3*v**2/2 + 7*v - 2. Give r(p).
-20
Suppose -w = 5*k + 27, 3*w - 3*k + 7*k + 48 = 0. Let o(s) = -s**2 - 20*s + 14. Determine o(w).
110
Let b(g) = -10 + 14*g + 1 - 7*g + 0*g. Determine b(1).
-2
Suppose 3*c + 3 = 0, 5*q + 0*q = -4*c + 21. Let n(o) = -o**2 + 12*o - 33. What is n(q)?
2
Suppose 3*q = d - 21, 4*q + 27 = -5*d + 18. Let r(f) be the second derivative of -f**3/2 - 4*f**2 + 2*f. Give r(q).
10
Let w(o) = o**3 - o. Suppose 6*k = 43*k - 148. Let x be 144/54*(-3)/k. Determine w(x).
-6
Let k = 401 + -119. Let g = k + -276. Let r(t) = -2*t + 10. Determine r(g).
-2
Let o(a) = -31*a + 47*a - 34*a - 1. Suppose -11 = -7*b - 151. Let i = 21 + b. What is o(i)?
-19
Let h(s) = 4*s**2 - 3 - 403*s - 3*s**2 + 1484*s - 266*s - 407*s - 407*s. Let x = 1 + 3. What is h(x)?
17
Let r(m) = 3*m + 4. Let y(i) = -i + 1. Let q be y(6). Let w be (5 + q)*(0 - -1). Suppose w = l + u, 0 = -l + 2*u - 7*u + 12. Calculate r(l).
-5
Let p = -10 + 10. Suppose p*h = 4*h + i - 1, 19 = 4*h - 5*i. Let k(f) = 4*f**2 - 2*f + 1. Let d be k(h). Let z(o) = -o**3 + 2*o**2 + 3*o + 1. Determine z(d).
1
Let c = -43 - -1. Let m = c - -42. Suppose m = -4*n, 0*n + 4*n - 28 = 4*d. Let w(r) = -r**3 - 6*r**2 + 7*r + 9. Determine w(d).
9
Let t(b) = -11*b**3 + 21*b**2 + 16*b - 18. Let r(u) = -5*u**3 + 10*u**2 + 8*u - 9. Let f(l) = 9*r(l) - 4*t(l). Let d = -5528 - -5535. Calculate f(d).
-2
Let j(l) = l**2 - 8*l - 8. Let s be (-3194)/12 - (-56)/336. Let w be 9/(-2)*s/171. Calculate j(w).
-15
Let j(m) be the second derivative of 2*m**3/3 - 39*m**2 + 4*m - 272. Determine j(9).
-42
Let p be 4/(-14) + 12/42. Suppose m + 4*j - 17 = p, m + 2*j - 12 = -1. Suppose -m*y + 0*y + 3 = 4*w, 5*w + 18 = y. Let t(v) = 4*v + 1. Calculate t(y).
13
Let o(v) = -v**3 + 15*v**2 - 4*v + 26. Suppose -352*g = -356*g + 2*d + 64, 0 = 2*g - 2*d - 34. Determine o(g).
-34
Let j = 846 - 464. Let a(c) = 2*c - 407*c**2 + 1 + 809*c**2 - j*c**2. What is a(-1)?
19
Let m(g) = g**3 + 3*g**2 + 2*g - 2. Suppose 0 = -k - 31 - 44. Suppose 79 = -2*b + 223. Let c = b + k. Determine m(c).
-8
Let f(o) = -12 + 38 - 14*o - 7 + 0*o. Give f(2).
-9
Let d(s) = s**3 + s**2 - 3*s. Suppose -2*m + 127 - 115 = 0. Suppose 2 = 2*i + q + m, 4*i - 3*q = -18. What is d(i)?
-9
Let j(h) = h**3 - 25*h**2 - 2*h + 34. Let r be (180/108)/(6/90). Calculate j(r).
-16
Let d(q) = 2*q**3 - 17*q**2 + 31*q + 13. Let y(t) = t**3 - 9*t**2 + 15*t + 8. Let o(p) = 6*d(p) - 13*y(p). Determine o(14).
44
Let t = -21326 + 21331. Let p(f) be the third derivative of 1/60*f**t + 0*f**4 - 37*f**2 + 0 + 0*f - 1/3*f**3. What is p(-4)?
14
Let z(g) be the third derivative of g**6/120 + g**5/10 + g**4/12 - 3*g**3/2 - 3179*g**2. What is z(-5)?
6
Let f(p) = -11*p**3 - 17*p**2 + 7*p - 5. Let j(g) = -2*g**3 - g**2 - g. Let n(c) = -f(c) + 5*j(c). What is n(-13)?
-8
Let f be 1/(-2 - (-4 - -3))*-1. Let q be f + -1 + 1 - (22 - 13). Let p(a) be the third derivative of -a**4/24 - a**3 - 7*a**2. Calculate p(q).
2
Suppose 0 = 5*l + 2*n - 1535, l + 3*n - 320 = -0*l. Let v = l + -207. Let c(m) = 47*m + 52*m - 6*m**2 - v*m. What is c(-1)?
-7
Let q(r) = r**3 + 3*r**2 - 4*r - 1. Let j be 680/32 + 7 + (-1)/4. Suppose 13*f + 37 = -j. Determine q(f).
-31
Let m(l) = 3*l - 11. Let p(b) = 4*b + 5. Let i(t) = -2*m(t) + p(t). What is i(0)?
27
Let l(q) = 12*q**3 + 2*q**2 + 2*q + 1. Suppose 4*d - 8*d - 52 = 0. Suppose 37*j - 21*j = 192. Let k = d + j. What is l(k)?
-11
Let m be 18 - 4/(-640)*-2872. Let b(y) be the second derivative of 1/6*y**4 + 1/2*y**3 - 3/2*y**2 + y - m*y**5 + 0. What is b(3)?
-3
Let w(d) = d**3 + 2*d**2 - 10*d - 14. Let s = 5346 - 5350. Calculate w(s).
-6
Let p(n) = -n**2 + 2*n + 1. Let i(d) = d**2 - 7*d - 4. Let k = -23 + 31. Let a be i(k). Suppose -a = 5*g + 6. Determine p(g).
-7
Suppose -5*n - 63 = 67. Let p = -2829 - -2798. Let m = n - p. Let q(l) = -l**3 + 6*l**2 - 3*l - 2. Give q(m).
8
Let n(c) be the first derivative of -3*c + 1/3*c**3 + c**2 + 133. What is n(0)?
-3
Let q(y) be the third derivative of -y**4/8 - y**3/6 - 8*y**2. Let i(t) = 2*t + 1. Let k = 4 + -11. Let v(h) = k*i(h) - 5*q(h). Calculate v(0).
-2
Let i be (-2*1)/1 + -15 + -8. Let l = 27 + i. Let q(u) = u**2 - 4*u + 3. Give q(l).
-1
Let o(x) = 77*x**2 + 94*x - 11. Let w(a) = -36*a**2 - 46*a + 6. Let z(h) = 6*o(h) + 13*w(h). Calculate z(-8).
-100
Let t(v) = 3 + 6 - 4 - 3*v. Let f be ((-240)/128)/(12/16)*2. Determine t(f).
20
Let k = -1537 - -1542. Let z(r) = r**3 - 4*r**2 + 4*r - 31. What is z(k)?
14
Let a(j) = j**2 + 8*j. Let q(d) = 5*d**3 - d**2 - 6*d + 45. Let t be q(4). Let s = t - 331. Calculate a(s).
-12
Let r(h) = h**2 + 66 - 3*h - 30 - 9 - 12*h. Give r(15).
27
Let x(h) be the second derivative of -h**4/12 + 3*h**3 - 15*h**2 - 1193*h. What is x(16)?
2
Suppose 468*x - 611*x = -715. Let b(p) = -2*p**3 + 11*p**2 - 19. Give b(x).
6
Let o(j) be the first derivative of 3*j**2/2 - 26*j - 6527. What is o(12)?
10
Let m(w) = -11*w - 104. Suppose 16*n + 39*n = n - 594. What is m(n)?
17
Let y(m) = -9*m + 121. Let x = 19271 + -19259. Calculate y(x).
13
Let p(t) be the second derivative of -t**5/20 + 2*t**4/3 - 7*t**3/6 + t**2/2 + 1821*t. What is p(6)?
31
Let o(k) be the third derivative of -5*k**4/24 - 101*k**3/6 + 8*k**2 + 2*k + 85. Calculate o(-20).
-1
Let g be ((-3)/1)/((-2205)/(-738) + -3). Suppose 0 = 3*s + 231 - g. Let v(p) = 2*p**2 - 6*p - 2. Give v(s).
18
Let l(o) = 2*o + 20. Suppose s = 2*y + 24, 431*y + 16 = 3*s + 432*y. Determine l(s).
36
Let d = 645 + -645. Suppose -4*b - 2*h = -38, 5*h + 7 - 2 = d. Let w(u) = -u - 4. What is w(b)?
-14
Let v(w) = -16*w**3 + 7*w**2 + 5*w - 8. Let i(l) = 21*l**3 - 8*l**2 - 5*l + 9. Let j(f) = 3*i(f) + 4*v(f). What is j(6)?
-47
Suppose -73 - 48 = -44*k + 11. Let i(s) = 12*s**2 + 5*s - 6. Give i(k).
117
Let s(z) = 467*z + 1409. Let y be s(-3). Let t(f) = f**2 - 12*f + 7. Determine t(y).
-25
Let a(q) = -q**2 + 35*q + 18. Let n be a(0). Let 